 -3*n - 5*g, -2*n - 5*g + a = 0. What is the remainder when 214 is divided by n?
42
Let d be (8 + -1)*(-456)/(-133). Calculate the remainder when 2/(-5) + (-207)/(-5) is divided by d/1*6/12.
5
Let l(z) = -9*z**2 - 14*z + 8. Let o(u) = -2. Let w(g) = -l(g) - 2*o(g). Calculate the remainder when w(-3) is divided by 18.
17
Suppose -5*k + 563*s = 562*s - 147, 0 = 4*k - 4*s - 92. Let w(n) = 2*n**3 - 5*n**2 - 8*n + 4. Calculate the remainder when w(5) is divided by k.
27
Let z(p) = 48*p - 72. What is the remainder when z(5) is divided by (2/(-4))/(1/(-38))?
16
What is the remainder when 5/2*-51*(-4 + 96/40) is divided by 8?
4
Let i = 240 - 667. Let v = i + 1001. Calculate the remainder when v is divided by 17.
13
Let h = -75 - 100. Let g = h + 224. Calculate the remainder when 96 is divided by g.
47
Suppose 676 = 27*c - c. Suppose 0*m = 5*q + m - 17, 2*m - 16 = -4*q. Suppose 0*u - q*u = -306. Calculate the remainder when u is divided by c.
24
What is the remainder when 1179 is divided by 61 + 224/14 + -18?
58
Suppose 5*y + 5*t = 10*t + 735, -3*y - t + 429 = 0. Calculate the remainder when 300 is divided by y.
12
Suppose 10*k - 254 = -104. Suppose -5*x + 85 = 20*s - 25*s, 0 = 5*s + k. What is the remainder when 96 is divided by x?
12
Suppose 12*n - 313 = -r + 11*n, -r + 307 = -2*n. Suppose 0 = 3*z - 209 - 283. Let a = r - z. Calculate the remainder when a is divided by 37.
36
Suppose -142223 = -31*k - 22594. Suppose -3152 = -41*n + k. What is the remainder when n is divided by 16?
11
Let s be 2/8 + 469/28 + -4. Suppose 4*a - 3 = s. Suppose -3*h - 2*c = -148, -a*h = -h - 4*c - 136. What is the remainder when h is divided by 17?
14
Calculate the remainder when 53619 is divided by (-77 + 59)/((-4)/18).
78
Suppose -5*j = 24*x - 25*x + 97, -x + 57 = 3*j. What is the remainder when 256 is divided by x?
40
Let u(l) = l**3 - l**2 - 29*l + 4. Let f be u(6). Calculate the remainder when 20 is divided by (-598)/(-52) - f/4.
2
Suppose 4*j + f - 474 = 0, -8*f + 6*f = 2*j - 240. Let w(i) = 5*i - 18. Calculate the remainder when j is divided by w(5).
6
Suppose 32*y - 5*y + 27*y = 40824. Calculate the remainder when y is divided by 199.
159
Let m be (2 + 50/(-35))/((-1)/(-7)). Suppose 4*o - o = -3*g + 372, m*g + o = 499. Calculate the remainder when g is divided by -27*(-5 - 78/(-18)).
17
Let o = 9696 - 9409. Calculate the remainder when o is divided by 17.
15
Let g = 30 + -16. Suppose -34*h + 130 = 28. Suppose -g = h*p - 59. What is the remainder when 72 is divided by p?
12
Let a(x) = x + 15. Let s = 763 + -531. Let g = -176 + s. What is the remainder when g is divided by a(0)?
11
Suppose -18*u + 90*u + 34240 = 88*u. What is the remainder when u is divided by 102?
100
Suppose 0 = -103*s + 123*s - 3060. Suppose -3*y + 58 + 179 = 0. What is the remainder when s is divided by y?
74
Calculate the remainder when (36688/28 - -4) + 11/((-1001)/26) is divided by 28.
26
Suppose 16*u - 40 = 12*u - 3*s, 5*s = -5*u + 55. Let b(l) = -l**3 - 4*l**2 + l + 1. What is the remainder when b(-5) is divided by u?
0
Suppose 3*m = 0, -616 = 3*s - 5*s + 4*m. Let u be ((s/6)/7)/((-4)/6). Let b = 6 - u. What is the remainder when 31 is divided by b?
14
Suppose -10 = -2*g - s + 28, -2*s = 5*g - 94. Suppose -1052 = 31*o - 3811. Calculate the remainder when o is divided by g.
17
Suppose 156*x - 153*x - j = 33, -x + j = -7. Calculate the remainder when 2636 is divided by x.
10
Let l = -3677 + 3697. What is the remainder when 94 is divided by l?
14
Let l(g) = -g**3 + 5*g**2 - 6*g - 2. Let h be l(4). Let z(v) = v**3 + 11*v**2 - 6*v - 13. Calculate the remainder when z(h) is divided by 32.
19
Let o(h) = h - 3. Suppose 22*y = 11*y. Suppose 2*n - 14 = 4*b + 16, -2*n + 2*b + 24 = y. What is the remainder when n is divided by o(7)?
1
Let u(w) = -7*w - 14. Suppose -12 = -2*z - 104. Let p be (-24)/(-48) + z/4. Calculate the remainder when u(p) is divided by 22.
19
Let h = -6175 + 6222. Calculate the remainder when 3712 is divided by h.
46
Let d be (4/(-5))/((-8)/60). Suppose 0 = -14*t + 18*t - 140. Suppose 0 = d*n - t - 13. What is the remainder when 38 is divided by n?
6
Let r(j) = j**3 - 11 - 2 + 47 - 2*j**2 - 16*j**2 + 48*j. Calculate the remainder when r(15) is divided by 16.
15
Suppose -5*s - 10 = -4*j + 187, 3 = s. Suppose 4*p - j = 5*a, a - 8 = -2*p + 1. What is the remainder when ((-15)/5)/(15/(-50)) is divided by p?
3
Let k be 4*(-3 - (0 + -4))/(-2). Let u be (1/k)/((-8)/960). Suppose -5*p = -195 + u. What is the remainder when p is divided by 15?
12
Suppose -315 + 811 = 16*a. What is the remainder when 163 is divided by a?
8
Let n(t) = -3*t**2 + t + 1. Let r be n(-1). Let d be r/((-1 - -3)/2). What is the remainder when (-2)/d - (-298)/3 is divided by 34?
32
Let d = 7 - 4. Suppose 9*p - 233 = -116. Suppose -p*a = -75 - 146. What is the remainder when a is divided by d?
2
Suppose -5*f + j - 115 = 0, 34 = -2*f - 3*j + j. Let a = f - -27. Let u = 41 + a. What is the remainder when u is divided by 26?
20
Suppose 4*k = -2*u + 30, -2*k = -364*u + 366*u - 30. Calculate the remainder when 1819 is divided by u.
4
Calculate the remainder when 736 is divided by (2 + 3*18/(-81))*165.
76
Suppose 0 = -0*d - 2*d + 40. Let f = 325 - 271. What is the remainder when f + (2/3)/(34/51) is divided by d?
15
Suppose -4*a + 5028*k - 5027*k + 35 = 0, -3*a - 4*k = 7. Calculate the remainder when 2938 is divided by a.
5
Let h(c) = -55*c + 5 - 2 + 53*c + 221*c. Let s(m) = m**3 + 9*m**2 + 2*m - 3. What is the remainder when h(1) is divided by s(-8)?
42
Suppose 33*v - 2 = 32*v. Calculate the remainder when 1434 is divided by v.
0
Let p(j) = 6*j**3 + j**2 + 3*j - 10. Let g be p(3). Let s = g + -116. What is the remainder when s is divided by 12?
6
Let a(c) = 2*c + 9. Let v be a(-5). What is the remainder when 0 + 34 - (v - -2) is divided by 6/3 + (-10)/(-1)?
9
Suppose 29*k + 4 = 27*k, o - 4*k - 31 = 0. Calculate the remainder when 937 is divided by o.
17
Suppose -m + l = -4*l + 14, -m - 4*l = -22. Let y = -3 + m. Suppose 5*q + 5*k - 58 = 2*k, -q = y*k - 2. Calculate the remainder when q is divided by 4.
2
Let m(f) = -f**2 + 6*f + 14. Let i be m(8). Let y(n) = 18*n**2 + 2*n + 1. Let g be y(i). Suppose 5*b + g = 8*b. Calculate the remainder when b is divided by 12.
11
Suppose 2*d - 1733 = p, -5*p + 4370 = -30*d + 35*d. Calculate the remainder when d is divided by 23.
18
Let b(d) = -263*d - 3624. Calculate the remainder when b(-49) is divided by 48.
47
Let y(v) = -10*v - 18. Let g be y(44). Let j = g + 477. Calculate the remainder when 67 is divided by j.
10
Let o(x) = 4*x**2 - 5*x - 15. Let l(u) = u - 30. Let p be l(35). Calculate the remainder when 178 is divided by o(p).
58
Suppose -s = -5*b - 149, -5*s + 2*s + 498 = 2*b. Suppose -5*g + g + s = 0. What is the remainder when g is divided by (42/9)/((-4)/(-6))?
6
Let z(l) = 82*l**2 + 36*l + 41. What is the remainder when z(-2) is divided by 183?
114
Let b = 59 - -2. Let d = -20 + b. Calculate the remainder when d is divided by -8 - (4 + 54/(-2)).
11
Suppose -109*k + 77764 = -38757. What is the remainder when k is divided by 154?
145
Suppose -137*b + 67*b + 255 = -67*b. Calculate the remainder when 675 is divided by b.
80
Let z = -3046 + 3952. Calculate the remainder when z is divided by 300.
6
Calculate the remainder when 219 is divided by (18/4)/(32/(-64)) - -19.
9
Let d = 12 - 9. Suppose 9*k - 3*j = 4*k + 69, 4*j = d*k - 37. Calculate the remainder when k is divided by (-2 - 3)/(20/(-8)).
1
Suppose -170*u - 7118 - 1584 = -208*u. Calculate the remainder when u is divided by 86.
57
Suppose 39*v + 0*v - 54144 = -57*v. Calculate the remainder when v is divided by 81.
78
Suppose 0*p = -4*p + 5*u + 79, 2*p = -2*u + 62. Suppose -848 = -16*d - 176. What is the remainder when d is divided by p?
16
What is the remainder when 28416/132 - (-18)/(-66) is divided by 100?
15
Let i(j) = 10*j**2 - 5. Let h = 79 - 79. Suppose -5*o + 71 - 81 = h. Calculate the remainder when 65 is divided by i(o).
30
Calculate the remainder when -28 + 26 + ((-20612)/(-11) - 10/(-55)) is divided by 31.
12
Let u(q) = -q**2 + 69*q - 7. Calculate the remainder when 2171 is divided by u(56).
8
Suppose -4*b - 17 = -v - 11, -v + 60 = 5*b. What is the remainder when 102 is divided by v?
12
Let m = -44 - -63. Let